 24 - 43. Let f be l/(-1) + (-1 - 1). Suppose -2*c = k - f, -7*c + 2*c - 15 = 0. What are the prime factors of k?
17
Let p = -1 + 5. Suppose 2*t = p*u + 16, -5*t = -0*u - 2*u - 24. What are the prime factors of (u - (0 + 0))/(-1)?
2
Suppose 2*q - 2*s - 1 - 5 = 0, q - 3*s = 3. Suppose -5*h - 4*x = -57, 0*h + 5*x + q = 2*h. List the prime factors of h.
3
Let g(u) = u**3 - 3*u**2 - u + 2. Let p be g(3). Let k = 0 + p. What are the prime factors of 4/2*k - -5?
3
Suppose -4*d = 4*t - 144, -t - 153 = -4*d + 6. What are the prime factors of d?
3, 13
Let k(i) = -14*i + 40. What are the prime factors of k(-18)?
2, 73
Suppose -5*p - 5*k + 80 = 0, 6*p - 3*k = 3*p + 54. Suppose -2*c + 11 = 3*q - p, q + 3*c = 7. What are the prime factors of q?
2, 5
Let x = -185 - -290. List the prime factors of x.
3, 5, 7
Let z = -18 + 11. What are the prime factors of 12/7 - 2/z?
2
Suppose 0 = -p - 3*p + 20. Let d be (-2)/1*6/(-4). Suppose -25 = -p*y + z, -3*y = -8*y + d*z + 35. What are the prime factors of y?
2
Let h be -1*(2 + (-3)/3). Let q(r) = -14*r**3 + r. What are the prime factors of q(h)?
13
Let f = 11 - 7. List the prime factors of (f - -2 - 3)*3.
3
Let t(k) = -k. Let l(b) = b**2 + 14*b - 6. Let u(s) = -l(s) - 6*t(s). Let g be u(-7). Suppose 3*v = g - 1. List the prime factors of v.
2
Suppose -5*q + 4 = 2*v + 11, -11 = -4*v - 5*q. What are the prime factors of v?
3
Suppose -g = 3*r + 23, -2*g - 31 - 11 = 4*r. Let k = -12 - g. List the prime factors of k.
5
Suppose 8*k + 84 = 11*k. What are the prime factors of k?
2, 7
What are the prime factors of -4 + 46 + (-1 - 0)?
41
Let k = 344 - -18. What are the prime factors of k?
2, 181
Let z be 20 + (-1 - 0) + -2. Suppose 5*q = 63 + z. What are the prime factors of q?
2
Let m be 3 - (-2 + 3 - 4). Suppose 48 = -m*i + 9*i. What are the prime factors of i?
2
Let g = -56 - -90. What are the prime factors of g?
2, 17
Let t(k) = -k**3 - 7*k**2 - 7*k - 6. Let x be t(-6). Suppose x = 4*n - 3*w - 9, 2*w + 1 = -5*n + 18. What are the prime factors of n?
3
Suppose -18 = -5*u + 82. What are the prime factors of u?
2, 5
Let o(h) = -6*h + 1. Let t be o(-1). Let m = -6 + t. What are the prime factors of m + -2 + 1 + 23?
23
Let u = -8 + 12. Suppose 2*n - u*j = 10, -4*n + 70 = -j + 3*j. What are the prime factors of n?
3, 5
Let c(u) = -5*u + 0 - 1 + 0 + 2. Let w = -3 + 2. List the prime factors of c(w).
2, 3
Suppose 4*l - 4*d - 80 = 0, 3*d - 84 = -4*l + l. What are the prime factors of l?
2, 3
Let k(t) = -t**2 - 3*t - 3. Let a(l) = l**2 + 2*l + 3. Let o(i) = 5*a(i) + 6*k(i). What are the prime factors of o(-3)?
2, 3
Let n(p) = -p**2 + 13*p - 9. Let z = -10 + 22. Let c be n(z). Let q = 17 + c. What are the prime factors of q?
2, 5
Suppose 2*p - 77 = 29. What are the prime factors of p?
53
Let r = -7 - -10. Suppose -r*n - 92 = -7*n. What are the prime factors of n?
23
Suppose 17 = 3*b + 3*k - k, -14 = -b + k. Suppose 5*n - 4*q = -b*q + 10, -n = 5*q + 6. What are the prime factors of (28/16)/(1/n)?
7
Suppose 2*u - 7*u = -390. What are the prime factors of u?
2, 3, 13
Suppose 176 + 0 = 8*s. List the prime factors of s.
2, 11
Let y(f) = -f**3 + 6*f**2 + 7*f + 6. Let v be y(7). Suppose 0 = 2*q + j - v + 1, j + 10 = q. Suppose x + 12 = q*x. What are the prime factors of x?
3
Let g = 21 + -21. List the prime factors of 1 - -37 - g/(-4).
2, 19
Suppose 6*o - o + 25 = 0, 3*f + 3*o + 18 = 0. Let z = 2 - f. Suppose -4 + 1 = z*a, -4*g = -a - 21. What are the prime factors of g?
5
Let j(r) = r**3 - 11*r**2 + 10*r. Let t be j(10). List the prime factors of (-2 - t)/(2/(-29)).
29
Suppose 0 = 4*y - 17 - 3. Suppose 2*v + 3*p - 2 = 43, y*p = 15. Let z = v - 12. What are the prime factors of z?
2, 3
Let l = 13 - 8. Suppose j + j - 22 = -5*n, -l*n - 2 = -2*j. Suppose 8*w = j*w + 12. List the prime factors of w.
2, 3
Let f(u) = 4*u + 1. Suppose -6 = 4*q + k, 0 = -3*q + k + 4*k - 16. Let d be (4/8)/(q/(-4)). What are the prime factors of f(d)?
5
Suppose 4*n = 4*z + 28, -n - 9 = -3*n - 3*z. Suppose -n*r - 7 = -7*r. What are the prime factors of r?
7
Let y = 5 - -8. Let m(b) = 5*b - 54. Let i be m(9). Let g = y + i. What are the prime factors of g?
2
Let g = 10 + -26. Let p(n) = -n**2 - 11*n - 4. Let c be p(-6). Let b = g + c. What are the prime factors of b?
2, 5
Let d = 21 + -8. Let s = d + -4. List the prime factors of s.
3
Let d(s) = -4*s**2 + 2. Let x(c) = c**2 - 1. Let h(b) = -2*d(b) - 7*x(b). Let p be h(0). Suppose 2*u = p*u - 5. List the prime factors of u.
5
Suppose 2*r + 22 = -r + 2*a, 0 = -4*a + 20. Let u(q) = 0*q - 2*q + q + 1. What are the prime factors of u(r)?
5
Let l(t) = -t**3 - 6*t**2 + 4*t + 7. What are the prime factors of l(-7)?
2, 7
Let u(y) = -10*y - 23. List the prime factors of u(-5).
3
Let a(z) = -z**2 - 7*z + 9. Let o be a(-8). List the prime factors of 34 + (1 - 2/o).
3, 11
Suppose -2*g + 6*g - 76 = 0. Let l = -3 + g. Suppose -2*v + 38 - l = 0. What are the prime factors of v?
11
Suppose -5*i + 152 = -68. What are the prime factors of i?
2, 11
Let k = 18 + 11. Suppose b - k = -4*m, -2*b + 6*m - m + 45 = 0. What are the prime factors of b?
5
Suppose -o - 4*o + 6765 = 0. What are the prime factors of (-4)/6*o/(-22)?
41
Let w = 27 - -65. What are the prime factors of w?
2, 23
Suppose -5*z + 0 = -10. What are the prime factors of 12/z - (0 + 1)?
5
Suppose -4*k + 0 = -4. Let s(d) = 6*d + 3*d - d + 1. What are the prime factors of s(k)?
3
Let n(d) = -d**3 - 16*d**2 + 16*d + 18. What are the prime factors of n(-17)?
5, 7
Suppose 6*o - 8*o = -82. List the prime factors of o.
41
Let s(h) = -h**2 - 4*h + 2. Let c be s(-5). Let g be 9*2*c/(-6). List the prime factors of 2/g + (-43)/(-9).
5
Let k be 1/2 - (-9)/2. Suppose 4 + 6 = k*o. What are the prime factors of (-1 - (-13 - o))/1?
2, 7
Suppose 3*b - 3*f + 9 = -0*f, 5*b + 31 = -3*f. Let v be 10/25 + (-63)/b. Let n = v - 6. List the prime factors of n.
7
Suppose 2*q - 30 = 5*q. Let a = 5 - q. What are the prime factors of a?
3, 5
Let g(k) = k**2 - 6*k + 5. Let w be g(6). Suppose w*t + 42 = -2*l + 5*l, -t = -3*l + 54. What are the prime factors of l?
19
Let c(y) = -3 + 10*y**2 - 4*y**3 + 5*y**3 + 10 + 6*y + 3*y. Let s be c(-8). Suppose 3*x - 5*u = s, -4*u = -3*x - 3*u + 63. List the prime factors of x.
3, 7
Let v(a) = 97*a**3 - 2*a**2 - a + 2. List the prime factors of v(1).
2, 3
Let c(x) = -x**3 + 5*x**2 - 6*x + 2. List the prime factors of c(3).
2
Let t = -41 + 60. List the prime factors of t.
19
Let i(o) = -o**2 + 10*o + 7. Let j = 17 - 8. List the prime factors of i(j).
2
Suppose 0 = -5*w + v + 207, 3*v + 211 = -0*w + 5*w. List the prime factors of w.
41
Let k = -12 - -17. Let s = 0 + 8. Suppose k*v - 4*v = s. What are the prime factors of v?
2
Let p be 1 + 122/(4/2). Let l = p - 31. Let d = l - 18. List the prime factors of d.
13
Let f(p) = -p**2 + 2*p + 4. Let z(c) = -c. Let b(k) = -f(k) - 6*z(k). List the prime factors of b(3).
17
Suppose 0 = 2*y - p + 20, -y - 10 = -3*p + 6*p. Let f = y - -51. Suppose 0 = -5*l + f + 14. What are the prime factors of l?
11
Let f(p) = p + 4. List the prime factors of f(4).
2
Suppose h - 35 = 25. What are the prime factors of h?
2, 3, 5
Let s = -4 + 0. Suppose 2*t + 40 = -0*t. What are the prime factors of (s/(-10))/((-1)/t)?
2
Suppose 3*s = -2*v + 151, -4*s + 2*v - 3*v + 203 = 0. What are the prime factors of s?
3, 17
Suppose -5*k + 18 = -7. Suppose -6 - 39 = -k*d. What are the prime factors of d?
3
Suppose 4*w + 9 = w, 4*w = -4*z + 28. Let k(d) = d**3 - 2*d**2 - 2*d - 2. Let j be k(3). Let o = z - j. List the prime factors of o.
3
Let q(w) = w**3 + w**2 + 3*w - 1. Let l = -5 + 3. Let g = l + 4. List the prime factors of q(g).
17
Let n(l) = 168*l - 2 + 2 - 174*l. What are the prime factors of n(-8)?
2, 3
Let o(d) = 8*d**2 + 4*d - 11. Let n(l) = 7*l**2 + 3*l - 10. Let c(b) = -7*n(b) + 6*o(b). Let a be c(4). Suppose 0 = -z + 6 - a. What are the prime factors of z?
2, 3
Suppose -2*l + 69 + 7 = 0. List the prime factors of l.
2, 19
Suppose -p + 77 = 2*b - 10, 5*b - 3*p = 234. List the prime factors of b.
3, 5
Let q(w) = -w**3 - 3*w**2 - 7. Let r be q(-5). Suppose -5*p = 4*h - 65, 4*p - 39 = -5*h + 4. Suppose r = 5*n - p. List the prime factors of n.
2, 3
Suppose m - 71 = 3. List the prime factors of m.
2, 37
Suppose 0*d + 3*d - 67 = 2*m, -2*d + 44 = -2*m.